-- https://www.phpmyadmin.net/
--

START TRANSACTION;



--
-- Database: `tickets`
--

-- --------------------------------------------------------

--
-- Table structure for table `categories`
--

CREATE TABLE `categories` (
  `id` int(10) UNSIGNED NOT NULL,
  `name` varchar(500) COLLATE utf8mb4_unicode_ci DEFAULT NULL,
  `color` varchar(255) COLLATE utf8mb4_unicode_ci DEFAULT NULL,
  `active` tinyint(4) DEFAULT 1,
  `created_at` timestamp NULL DEFAULT NULL,
  `updated_at` timestamp NULL DEFAULT NULL
) ENGINE=InnoDB DEFAULT CHARSET=utf8mb4 COLLATE=utf8mb4_unicode_ci;

--
-- Dumping data for table `categories`
--

INSERT INTO `categories` (`id`, `name`, `color`, `active`, `created_at`, `updated_at`) VALUES
(1, 'صحي', '#24cc56', 1, '2023-12-31 20:46:18', '2023-12-31 20:46:18'),
(2, 'ترفيهي', '#ff841f', 1, '2023-12-31 20:46:43', '2023-12-31 20:46:43');

-- --------------------------------------------------------

--
-- Table structure for table `countries`
--

CREATE TABLE `countries` (
  `country_code` varchar(2) NOT NULL DEFAULT '',
  `country_enName` varchar(100) NOT NULL DEFAULT '',
  `country_arName` varchar(100) NOT NULL DEFAULT '',
  `country_enNationality` varchar(100) NOT NULL DEFAULT '',
  `country_arNationality` varchar(100) NOT NULL DEFAULT ''
) ENGINE=MyISAM DEFAULT CHARSET=utf8;

--
-- Dumping data for table `countries`
--

INSERT INTO `countries` (`country_code`, `country_enName`, `country_arName`, `country_enNationality`, `country_arNationality`) VALUES
('AF', 'Afghanistan', 'أفغانستان', 'Afghan', 'أفغانستاني'),
('AL', 'Albania', 'ألبانيا', 'Albanian', 'ألباني'),
('AX', 'Aland Islands', 'جزر آلاند', 'Aland Islander', 'آلاندي'),
('DZ', 'Algeria', 'الجزائر', 'Algerian', 'جزائري'),
('AS', 'American Samoa', 'ساموا-الأمريكي', 'American Samoan', 'أمريكي سامواني'),
('AD', 'Andorra', 'أندورا', 'Andorran', 'أندوري'),
('AO', 'Angola', 'أنغولا', 'Angolan', 'أنقولي'),
('AI', 'Anguilla', 'أنغويلا', 'Anguillan', 'أنغويلي'),
('AQ', 'Antarctica', 'أنتاركتيكا', 'Antarctican', 'أنتاركتيكي'),
('AG', 'Antigua and Barbuda', 'أنتيغوا وبربودا', 'Antiguan', 'بربودي'),
('AR', 'Argentina', 'الأرجنتين', 'Argentinian', 'أرجنتيني'),
('AM', 'Armenia', 'أرمينيا', 'Armenian', 'أرميني'),
('AW', 'Aruba', 'أروبه', 'Aruban', 'أوروبهيني'),
('AU', 'Australia', 'أستراليا', 'Australian', 'أسترالي'),
('AT', 'Austria', 'النمسا', 'Austrian', 'نمساوي'),
('AZ', 'Azerbaijan', 'أذربيجان', 'Azerbaijani', 'أذربيجاني'),
('BS', 'Bahamas', 'الباهاماس', 'Bahamian', 'باهاميسي'),
('BH', 'Bahrain', 'البحرين', 'Bahraini', 'بحريني'),
('BD', 'Bangladesh', 'بنغلاديش', 'Bangladeshi', 'بنغلاديشي'),
('BB', 'Barbados', 'بربادوس', 'Barbadian', 'بربادوسي'),
('BY', 'Belarus', 'روسيا البيضاء', 'Belarusian', 'روسي'),
('BE', 'Belgium', 'بلجيكا', 'Belgian', 'بلجيكي'),
('BZ', 'Belize', 'بيليز', 'Belizean', 'بيليزي'),
('BJ', 'Benin', 'بنين', 'Beninese', 'بنيني'),
('BL', 'Saint Barthelemy', 'سان بارتيلمي', 'Saint Barthelmian', 'سان بارتيلمي'),
('BM', 'Bermuda', 'جزر برمودا', 'Bermudan', 'برمودي'),
('BT', 'Bhutan', 'بوتان', 'Bhutanese', 'بوتاني'),
('BO', 'Bolivia', 'بوليفيا', 'Bolivian', 'بوليفي'),
('BA', 'Bosnia and Herzegovina', 'البوسنة و الهرسك', 'Bosnian / Herzegovinian', 'بوسني/هرسكي'),
('BW', 'Botswana', 'بوتسوانا', 'Botswanan', 'بوتسواني'),
('BV', 'Bouvet Island', 'جزيرة بوفيه', 'Bouvetian', 'بوفيهي'),
('BR', 'Brazil', 'البرازيل', 'Brazilian', 'برازيلي'),
('IO', 'British Indian Ocean Territory', 'إقليم المحيط الهندي البريطاني', 'British Indian Ocean Territory', 'إقليم المحيط الهندي البريطاني'),
('BN', 'Brunei Darussalam', 'بروني', 'Bruneian', 'بروني'),
('BG', 'Bulgaria', 'بلغاريا', 'Bulgarian', 'بلغاري'),
('BF', 'Burkina Faso', 'بوركينا فاسو', 'Burkinabe', 'بوركيني'),
('BI', 'Burundi', 'بوروندي', 'Burundian', 'بورونيدي'),
('KH', 'Cambodia', 'كمبوديا', 'Cambodian', 'كمبودي'),
('CM', 'Cameroon', 'كاميرون', 'Cameroonian', 'كاميروني'),
('CA', 'Canada', 'كندا', 'Canadian', 'كندي'),
('CV', 'Cape Verde', 'الرأس الأخضر', 'Cape Verdean', 'الرأس الأخضر'),
('KY', 'Cayman Islands', 'جزر كايمان', 'Caymanian', 'كايماني'),
('CF', 'Central African Republic', 'جمهورية أفريقيا الوسطى', 'Central African', 'أفريقي'),
('TD', 'Chad', 'تشاد', 'Chadian', 'تشادي'),
('CL', 'Chile', 'شيلي', 'Chilean', 'شيلي'),
('CN', 'China', 'الصين', 'Chinese', 'صيني'),
('CX', 'Christmas Island', 'جزيرة عيد الميلاد', 'Christmas Islander', 'جزيرة عيد الميلاد'),
('CC', 'Cocos (Keeling) Islands', 'جزر كوكوس', 'Cocos Islander', 'جزر كوكوس'),
('CO', 'Colombia', 'كولومبيا', 'Colombian', 'كولومبي'),
('KM', 'Comoros', 'جزر القمر', 'Comorian', 'جزر القمر'),
('CG', 'Congo', 'الكونغو', 'Congolese', 'كونغي'),
('CK', 'Cook Islands', 'جزر كوك', 'Cook Islander', 'جزر كوك'),
('CR', 'Costa Rica', 'كوستاريكا', 'Costa Rican', 'كوستاريكي'),
('HR', 'Croatia', 'كرواتيا', 'Croatian', 'كوراتي'),
('CU', 'Cuba', 'كوبا', 'Cuban', 'كوبي'),
('CY', 'Cyprus', 'قبرص', 'Cypriot', 'قبرصي'),
('CW', 'Curaçao', 'كوراساو', 'Curacian', 'كوراساوي'),
('CZ', 'Czech Republic', 'الجمهورية التشيكية', 'Czech', 'تشيكي'),
('DK', 'Denmark', 'الدانمارك', 'Danish', 'دنماركي'),
('DJ', 'Djibouti', 'جيبوتي', 'Djiboutian', 'جيبوتي'),
('DM', 'Dominica', 'دومينيكا', 'Dominican', 'دومينيكي'),
('DO', 'Dominican Republic', 'الجمهورية الدومينيكية', 'Dominican', 'دومينيكي'),
('EC', 'Ecuador', 'إكوادور', 'Ecuadorian', 'إكوادوري'),
('EG', 'Egypt', 'مصر', 'Egyptian', 'مصري'),
('SV', 'El Salvador', 'إلسلفادور', 'Salvadoran', 'سلفادوري'),
('GQ', 'Equatorial Guinea', 'غينيا الاستوائي', 'Equatorial Guinean', 'غيني'),
('ER', 'Eritrea', 'إريتريا', 'Eritrean', 'إريتيري'),
('EE', 'Estonia', 'استونيا', 'Estonian', 'استوني'),
('ET', 'Ethiopia', 'أثيوبيا', 'Ethiopian', 'أثيوبي'),
('FK', 'Falkland Islands (Malvinas)', 'جزر فوكلاند', 'Falkland Islander', 'فوكلاندي'),
('FO', 'Faroe Islands', 'جزر فارو', 'Faroese', 'جزر فارو'),
('FJ', 'Fiji', 'فيجي', 'Fijian', 'فيجي'),
('FI', 'Finland', 'فنلندا', 'Finnish', 'فنلندي'),
('FR', 'France', 'فرنسا', 'French', 'فرنسي'),
('GF', 'French Guiana', 'غويانا الفرنسية', 'French Guianese', 'غويانا الفرنسية'),
('PF', 'French Polynesia', 'بولينيزيا الفرنسية', 'French Polynesian', 'بولينيزيي'),
('TF', 'French Southern and Antarctic Lands', 'أراض فرنسية جنوبية وأنتارتيكية', 'French', 'أراض فرنسية جنوبية وأنتارتيكية'),
('GA', 'Gabon', 'الغابون', 'Gabonese', 'غابوني'),
('GM', 'Gambia', 'غامبيا', 'Gambian', 'غامبي'),
('GE', 'Georgia', 'جيورجيا', 'Georgian', 'جيورجي'),
('DE', 'Germany', 'ألمانيا', 'German', 'ألماني'),
('GH', 'Ghana', 'غانا', 'Ghanaian', 'غاني'),
('GI', 'Gibraltar', 'جبل طارق', 'Gibraltar', 'جبل طارق'),
('GG', 'Guernsey', 'غيرنزي', 'Guernsian', 'غيرنزي'),
('GR', 'Greece', 'اليونان', 'Greek', 'يوناني'),
('GL', 'Greenland', 'جرينلاند', 'Greenlandic', 'جرينلاندي'),
('GD', 'Grenada', 'غرينادا', 'Grenadian', 'غرينادي'),
('GP', 'Guadeloupe', 'جزر جوادلوب', 'Guadeloupe', 'جزر جوادلوب'),
('GU', 'Guam', 'جوام', 'Guamanian', 'جوامي'),
('GT', 'Guatemala', 'غواتيمال', 'Guatemalan', 'غواتيمالي'),
('GN', 'Guinea', 'غينيا', 'Guinean', 'غيني'),
('GW', 'Guinea-Bissau', 'غينيا-بيساو', 'Guinea-Bissauan', 'غيني'),
('GY', 'Guyana', 'غيانا', 'Guyanese', 'غياني'),
('HT', 'Haiti', 'هايتي', 'Haitian', 'هايتي'),
('HM', 'Heard and Mc Donald Islands', 'جزيرة هيرد وجزر ماكدونالد', 'Heard and Mc Donald Islanders', 'جزيرة هيرد وجزر ماكدونالد'),
('HN', 'Honduras', 'هندوراس', 'Honduran', 'هندوراسي'),
('HK', 'Hong Kong', 'هونغ كونغ', 'Hongkongese', 'هونغ كونغي'),
('HU', 'Hungary', 'المجر', 'Hungarian', 'مجري'),
('IS', 'Iceland', 'آيسلندا', 'Icelandic', 'آيسلندي'),
('IN', 'India', 'الهند', 'Indian', 'هندي'),
('IM', 'Isle of Man', 'جزيرة مان', 'Manx', 'ماني'),
('ID', 'Indonesia', 'أندونيسيا', 'Indonesian', 'أندونيسيي'),
('IR', 'Iran', 'إيران', 'Iranian', 'إيراني'),
('IQ', 'Iraq', 'العراق', 'Iraqi', 'عراقي'),
('IE', 'Ireland', 'إيرلندا', 'Irish', 'إيرلندي'),
('IL', 'Israel', 'إسرائيل', 'Israeli', 'إسرائيلي'),
('IT', 'Italy', 'إيطاليا', 'Italian', 'إيطالي'),
('CI', 'Ivory Coast', 'ساحل العاج', 'Ivory Coastian', 'ساحل العاج'),
('JE', 'Jersey', 'جيرزي', 'Jersian', 'جيرزي'),
('JM', 'Jamaica', 'جمايكا', 'Jamaican', 'جمايكي'),
('JP', 'Japan', 'اليابان', 'Japanese', 'ياباني'),
('JO', 'Jordan', 'الأردن', 'Jordanian', 'أردني'),
('KZ', 'Kazakhstan', 'كازاخستان', 'Kazakh', 'كازاخستاني'),
('KE', 'Kenya', 'كينيا', 'Kenyan', 'كيني'),
('KI', 'Kiribati', 'كيريباتي', 'I-Kiribati', 'كيريباتي'),
('KP', 'Korea(North Korea)', 'كوريا الشمالية', 'North Korean', 'كوري'),
('KR', 'Korea(South Korea)', 'كوريا الجنوبية', 'South Korean', 'كوري'),
('XK', 'Kosovo', 'كوسوفو', 'Kosovar', 'كوسيفي'),
('KW', 'Kuwait', 'الكويت', 'Kuwaiti', 'كويتي'),
('KG', 'Kyrgyzstan', 'قيرغيزستان', 'Kyrgyzstani', 'قيرغيزستاني'),
('LA', 'Lao PDR', 'لاوس', 'Laotian', 'لاوسي'),
('LV', 'Latvia', 'لاتفيا', 'Latvian', 'لاتيفي'),
('LB', 'Lebanon', 'لبنان', 'Lebanese', 'لبناني'),
('LS', 'Lesotho', 'ليسوتو', 'Basotho', 'ليوسيتي'),
('LR', 'Liberia', 'ليبيريا', 'Liberian', 'ليبيري'),
('LY', 'Libya', 'ليبيا', 'Libyan', 'ليبي'),
('LI', 'Liechtenstein', 'ليختنشتين', 'Liechtenstein', 'ليختنشتيني'),
('LT', 'Lithuania', 'لتوانيا', 'Lithuanian', 'لتوانيي'),
('LU', 'Luxembourg', 'لوكسمبورغ', 'Luxembourger', 'لوكسمبورغي'),
('LK', 'Sri Lanka', 'سريلانكا', 'Sri Lankian', 'سريلانكي'),
('MO', 'Macau', 'ماكاو', 'Macanese', 'ماكاوي'),
('MK', 'Macedonia', 'مقدونيا', 'Macedonian', 'مقدوني'),
('MG', 'Madagascar', 'مدغشقر', 'Malagasy', 'مدغشقري'),
('MW', 'Malawi', 'مالاوي', 'Malawian', 'مالاوي'),
('MY', 'Malaysia', 'ماليزيا', 'Malaysian', 'ماليزي'),
('MV', 'Maldives', 'المالديف', 'Maldivian', 'مالديفي'),
('ML', 'Mali', 'مالي', 'Malian', 'مالي'),
('MT', 'Malta', 'مالطا', 'Maltese', 'مالطي'),
('MH', 'Marshall Islands', 'جزر مارشال', 'Marshallese', 'مارشالي'),
('MQ', 'Martinique', 'مارتينيك', 'Martiniquais', 'مارتينيكي'),
('MR', 'Mauritania', 'موريتانيا', 'Mauritanian', 'موريتانيي'),
('MU', 'Mauritius', 'موريشيوس', 'Mauritian', 'موريشيوسي'),
('YT', 'Mayotte', 'مايوت', 'Mahoran', 'مايوتي'),
('MX', 'Mexico', 'المكسيك', 'Mexican', 'مكسيكي'),
('FM', 'Micronesia', 'مايكرونيزيا', 'Micronesian', 'مايكرونيزيي'),
('MD', 'Moldova', 'مولدافيا', 'Moldovan', 'مولديفي'),
('MC', 'Monaco', 'موناكو', 'Monacan', 'مونيكي'),
('MN', 'Mongolia', 'منغوليا', 'Mongolian', 'منغولي'),
('ME', 'Montenegro', 'الجبل الأسود', 'Montenegrin', 'الجبل الأسود'),
('MS', 'Montserrat', 'مونتسيرات', 'Montserratian', 'مونتسيراتي'),
('MA', 'Morocco', 'المغرب', 'Moroccan', 'مغربي'),
('MZ', 'Mozambique', 'موزمبيق', 'Mozambican', 'موزمبيقي'),
('MM', 'Myanmar', 'ميانمار', 'Myanmarian', 'ميانماري'),
('NA', 'Namibia', 'ناميبيا', 'Namibian', 'ناميبي'),
('NR', 'Nauru', 'نورو', 'Nauruan', 'نوري'),
('NP', 'Nepal', 'نيبال', 'Nepalese', 'نيبالي'),
('NL', 'Netherlands', 'هولندا', 'Dutch', 'هولندي'),
('AN', 'Netherlands Antilles', 'جزر الأنتيل الهولندي', 'Dutch Antilier', 'هولندي'),
('NC', 'New Caledonia', 'كاليدونيا الجديدة', 'New Caledonian', 'كاليدوني'),
('NZ', 'New Zealand', 'نيوزيلندا', 'New Zealander', 'نيوزيلندي'),
('NI', 'Nicaragua', 'نيكاراجوا', 'Nicaraguan', 'نيكاراجوي'),
('NE', 'Niger', 'النيجر', 'Nigerien', 'نيجيري'),
('NG', 'Nigeria', 'نيجيريا', 'Nigerian', 'نيجيري'),
('NU', 'Niue', 'ني', 'Niuean', 'ني'),
('NF', 'Norfolk Island', 'جزيرة نورفولك', 'Norfolk Islander', 'نورفوليكي'),
('MP', 'Northern Mariana Islands', 'جزر ماريانا الشمالية', 'Northern Marianan', 'ماريني'),
('NO', 'Norway', 'النرويج', 'Norwegian', 'نرويجي'),
('OM', 'Oman', 'عمان', 'Omani', 'عماني'),
('PK', 'Pakistan', 'باكستان', 'Pakistani', 'باكستاني'),
('PW', 'Palau', 'بالاو', 'Palauan', 'بالاوي'),
('PS', 'Palestine', 'فلسطين', 'Palestinian', 'فلسطيني'),
('PA', 'Panama', 'بنما', 'Panamanian', 'بنمي'),
('PG', 'Papua New Guinea', 'بابوا غينيا الجديدة', 'Papua New Guinean', 'بابوي'),
('PY', 'Paraguay', 'باراغواي', 'Paraguayan', 'بارغاوي'),
('PE', 'Peru', 'بيرو', 'Peruvian', 'بيري'),
('PH', 'Philippines', 'الفليبين', 'Filipino', 'فلبيني'),
('PN', 'Pitcairn', 'بيتكيرن', 'Pitcairn Islander', 'بيتكيرني'),
('PL', 'Poland', 'بولندا', 'Polish', 'بولندي'),
('PT', 'Portugal', 'البرتغال', 'Portuguese', 'برتغالي'),
('PR', 'Puerto Rico', 'بورتو ريكو', 'Puerto Rican', 'بورتي'),
('QA', 'Qatar', 'قطر', 'Qatari', 'قطري'),
('RE', 'Reunion Island', 'ريونيون', 'Reunionese', 'ريونيوني'),
('RO', 'Romania', 'رومانيا', 'Romanian', 'روماني'),
('RU', 'Russian', 'روسيا', 'Russian', 'روسي'),
('RW', 'Rwanda', 'رواندا', 'Rwandan', 'رواندا'),
('KN', 'Saint Kitts and Nevis', 'سانت كيتس ونيفس,', 'Kittitian/Nevisian', 'سانت كيتس ونيفس'),
('MF', 'Saint Martin (French part)', 'ساينت مارتن فرنسي', 'St. Martian(French)', 'ساينت مارتني فرنسي'),
('SX', 'Sint Maarten (Dutch part)', 'ساينت مارتن هولندي', 'St. Martian(Dutch)', 'ساينت مارتني هولندي'),
('LC', 'Saint Pierre and Miquelon', 'سان بيير وميكلون', 'St. Pierre and Miquelon', 'سان بيير وميكلوني'),
('VC', 'Saint Vincent and the Grenadines', 'سانت فنسنت وجزر غرينادين', 'Saint Vincent and the Grenadines', 'سانت فنسنت وجزر غرينادين'),
('WS', 'Samoa', 'ساموا', 'Samoan', 'ساموي'),
('SM', 'San Marino', 'سان مارينو', 'Sammarinese', 'ماريني'),
('ST', 'Sao Tome and Principe', 'ساو تومي وبرينسيبي', 'Sao Tomean', 'ساو تومي وبرينسيبي'),
('SA', 'Saudi Arabia', 'المملكة العربية السعودية', 'Saudi Arabian', 'سعودي'),
('SN', 'Senegal', 'السنغال', 'Senegalese', 'سنغالي'),
('RS', 'Serbia', 'صربيا', 'Serbian', 'صربي'),
('SC', 'Seychelles', 'سيشيل', 'Seychellois', 'سيشيلي'),
('SL', 'Sierra Leone', 'سيراليون', 'Sierra Leonean', 'سيراليوني'),
('SG', 'Singapore', 'سنغافورة', 'Singaporean', 'سنغافوري'),
('SK', 'Slovakia', 'سلوفاكيا', 'Slovak', 'سولفاكي'),
('SI', 'Slovenia', 'سلوفينيا', 'Slovenian', 'سولفيني'),
('SB', 'Solomon Islands', 'جزر سليمان', 'Solomon Island', 'جزر سليمان'),
('SO', 'Somalia', 'الصومال', 'Somali', 'صومالي'),
('ZA', 'South Africa', 'جنوب أفريقيا', 'South African', 'أفريقي'),
('GS', 'South Georgia and the South Sandwich', 'المنطقة القطبية الجنوبية', 'South Georgia and the South Sandwich', 'لمنطقة القطبية الجنوبية'),
('SS', 'South Sudan', 'السودان الجنوبي', 'South Sudanese', 'سوادني جنوبي'),
('ES', 'Spain', 'إسبانيا', 'Spanish', 'إسباني'),
('SH', 'Saint Helena', 'سانت هيلانة', 'St. Helenian', 'هيلاني'),
('SD', 'Sudan', 'السودان', 'Sudanese', 'سوداني'),
('SR', 'Suriname', 'سورينام', 'Surinamese', 'سورينامي'),
('SJ', 'Svalbard and Jan Mayen', 'سفالبارد ويان ماين', 'Svalbardian/Jan Mayenian', 'سفالبارد ويان ماين'),
('SZ', 'Swaziland', 'سوازيلند', 'Swazi', 'سوازيلندي'),
('SE', 'Sweden', 'السويد', 'Swedish', 'سويدي'),
('CH', 'Switzerland', 'سويسرا', 'Swiss', 'سويسري'),
('SY', 'Syria', 'سوريا', 'Syrian', 'سوري'),
('TW', 'Taiwan', 'تايوان', 'Taiwanese', 'تايواني'),
('TJ', 'Tajikistan', 'طاجيكستان', 'Tajikistani', 'طاجيكستاني'),
('TZ', 'Tanzania', 'تنزانيا', 'Tanzanian', 'تنزانيي'),
('TH', 'Thailand', 'تايلندا', 'Thai', 'تايلندي'),
('TL', 'Timor-Leste', 'تيمور الشرقية', 'Timor-Lestian', 'تيموري'),
('TG', 'Togo', 'توغو', 'Togolese', 'توغي'),
('TK', 'Tokelau', 'توكيلاو', 'Tokelaian', 'توكيلاوي'),
('TO', 'Tonga', 'تونغا', 'Tongan', 'تونغي'),
('TT', 'Trinidad and Tobago', 'ترينيداد وتوباغو', 'Trinidadian/Tobagonian', 'ترينيداد وتوباغو'),
('TN', 'Tunisia', 'تونس', 'Tunisian', 'تونسي'),
('TR', 'Turkey', 'تركيا', 'Turkish', 'تركي'),
('TM', 'Turkmenistan', 'تركمانستان', 'Turkmen', 'تركمانستاني'),
('TC', 'Turks and Caicos Islands', 'جزر توركس وكايكوس', 'Turks and Caicos Islands', 'جزر توركس وكايكوس'),
('TV', 'Tuvalu', 'توفالو', 'Tuvaluan', 'توفالي'),
('UG', 'Uganda', 'أوغندا', 'Ugandan', 'أوغندي'),
('UA', 'Ukraine', 'أوكرانيا', 'Ukrainian', 'أوكراني'),
('AE', 'United Arab Emirates', 'الإمارات العربية المتحدة', 'Emirati', 'إماراتي'),
('GB', 'United Kingdom', 'المملكة المتحدة', 'British', 'بريطاني'),
('US', 'United States', 'الولايات المتحدة', 'American', 'أمريكي'),
('UM', 'US Minor Outlying Islands', 'قائمة الولايات والمناطق الأمريكية', 'US Minor Outlying Islander', 'أمريكي'),
('UY', 'Uruguay', 'أورغواي', 'Uruguayan', 'أورغواي'),
('UZ', 'Uzbekistan', 'أوزباكستان', 'Uzbek', 'أوزباكستاني'),
('VU', 'Vanuatu', 'فانواتو', 'Vanuatuan', 'فانواتي'),
('VE', 'Venezuela', 'فنزويلا', 'Venezuelan', 'فنزويلي'),
('VN', 'Vietnam', 'فيتنام', 'Vietnamese', 'فيتنامي'),
('VI', 'Virgin Islands (U.S.)', 'الجزر العذراء الأمريكي', 'American Virgin Islander', 'أمريكي'),
('VA', 'Vatican City', 'فنزويلا', 'Vatican', 'فاتيكاني'),
('WF', 'Wallis and Futuna Islands', 'والس وفوتونا', 'Wallisian/Futunan', 'فوتوني'),
('EH', 'Western Sahara', 'الصحراء الغربية', 'Sahrawian', 'صحراوي'),
('YE', 'Yemen', 'اليمن', 'Yemeni', 'يمني'),
('ZM', 'Zambia', 'زامبيا', 'Zambian', 'زامبياني'),
('ZW', 'Zimbabwe', 'زمبابوي', 'Zimbabwean', 'زمبابوي');

-- --------------------------------------------------------

--
-- Table structure for table `coupons`
--

CREATE TABLE `coupons` (
  `id` int(10) UNSIGNED NOT NULL,
  `code` varchar(15) COLLATE utf8mb4_unicode_ci DEFAULT NULL,
  `expire_date` datetime DEFAULT NULL,
  `cost` float DEFAULT 0,
  `is_percentage` tinyint(4) DEFAULT NULL,
  `is_active` tinyint(4) DEFAULT 0,
  `created_at` timestamp NULL DEFAULT NULL,
  `updated_at` timestamp NULL DEFAULT NULL
) ENGINE=InnoDB DEFAULT CHARSET=utf8mb4 COLLATE=utf8mb4_unicode_ci;

--
-- Dumping data for table `coupons`
--

INSERT INTO `coupons` (`id`, `code`, `expire_date`, `cost`, `is_percentage`, `is_active`, `created_at`, `updated_at`) VALUES
(1, '123456', '2024-04-30 20:32:00', 10, 1, 1, '2023-12-29 17:32:55', '2023-12-29 17:36:50');

-- --------------------------------------------------------

--
-- Table structure for table `coupon_users`
--

CREATE TABLE `coupon_users` (
  `user_id` int(11) DEFAULT NULL,
  `coupon_id` int(11) DEFAULT NULL
) ENGINE=InnoDB DEFAULT CHARSET=utf8mb4 COLLATE=utf8mb4_unicode_ci;

-- --------------------------------------------------------

--
-- Table structure for table `data_rows`
--

CREATE TABLE `data_rows` (
  `id` int(10) UNSIGNED NOT NULL,
  `data_type_id` int(10) UNSIGNED NOT NULL,
  `field` varchar(255) COLLATE utf8mb4_unicode_ci NOT NULL,
  `type` varchar(255) COLLATE utf8mb4_unicode_ci NOT NULL,
  `display_name` varchar(255) COLLATE utf8mb4_unicode_ci NOT NULL,
  `required` tinyint(1) NOT NULL DEFAULT 0,
  `browse` tinyint(1) NOT NULL DEFAULT 1,
  `read` tinyint(1) NOT NULL DEFAULT 1,
  `edit` tinyint(1) NOT NULL DEFAULT 1,
  `add` tinyint(1) NOT NULL DEFAULT 1,
  `delete` tinyint(1) NOT NULL DEFAULT 1,
  `details` text COLLATE utf8mb4_unicode_ci DEFAULT NULL,
  `order` int(11) NOT NULL DEFAULT 1
) ENGINE=InnoDB DEFAULT CHARSET=utf8mb4 COLLATE=utf8mb4_unicode_ci;



-- --------------------------------------------------------

--
-- Table structure for table `data_types`
--

CREATE TABLE `data_types` (
  `id` int(10) UNSIGNED NOT NULL,
  `name` varchar(255) COLLATE utf8mb4_unicode_ci NOT NULL,
  `slug` varchar(255) COLLATE utf8mb4_unicode_ci NOT NULL,
  `display_name_singular` varchar(255) COLLATE utf8mb4_unicode_ci NOT NULL,
  `display_name_plural` varchar(255) COLLATE utf8mb4_unicode_ci NOT NULL,
  `icon` varchar(255) COLLATE utf8mb4_unicode_ci DEFAULT NULL,
  `model_name` varchar(255) COLLATE utf8mb4_unicode_ci DEFAULT NULL,
  `policy_name` varchar(255) COLLATE utf8mb4_unicode_ci DEFAULT NULL,
  `controller` varchar(255) COLLATE utf8mb4_unicode_ci DEFAULT NULL,
  `description` varchar(255) COLLATE utf8mb4_unicode_ci DEFAULT NULL,
  `generate_permissions` tinyint(1) NOT NULL DEFAULT 0,
  `server_side` tinyint(4) NOT NULL DEFAULT 0,
  `details` text COLLATE utf8mb4_unicode_ci DEFAULT NULL,
  `created_at` timestamp NULL DEFAULT NULL,
  `updated_at` timestamp NULL DEFAULT NULL
) ENGINE=InnoDB DEFAULT CHARSET=utf8mb4 COLLATE=utf8mb4_unicode_ci;

--
-- Dumping data for table `data_types`
--

INSERT INTO `data_types` (`id`, `name`, `slug`, `display_name_singular`, `display_name_plural`, `icon`, `model_name`, `policy_name`, `controller`, `description`, `generate_permissions`, `server_side`, `details`, `created_at`, `updated_at`) VALUES
(1, 'users', 'users', 'User', 'Users', 'voyager-person', 'TCG\\Voyager\\Models\\User', 'TCG\\Voyager\\Policies\\UserPolicy', 'App\\Http\\Controllers\\Admin\\UsersController', NULL, 1, 0, '{\"order_column\":null,\"order_display_column\":null,\"order_direction\":\"desc\",\"default_search_key\":null,\"scope\":null}', '2023-12-01 20:47:32', '2024-01-20 11:38:29'),
(2, 'menus', 'menus', 'Menu', 'Menus', 'voyager-list', 'TCG\\Voyager\\Models\\Menu', NULL, '', '', 1, 0, NULL, '2023-12-01 20:47:32', '2023-12-01 20:47:32'),
(3, 'roles', 'roles', 'Role', 'Roles', 'voyager-lock', 'TCG\\Voyager\\Models\\Role', NULL, 'TCG\\Voyager\\Http\\Controllers\\VoyagerRoleController', NULL, 1, 0, '{\"order_column\":null,\"order_display_column\":null,\"order_direction\":\"desc\",\"default_search_key\":null,\"scope\":null}', '2023-12-01 20:47:32', '2024-01-20 11:49:21'),
(4, 'requests', 'requests', 'Request', 'Requests', 'voyager-alarm-clock', 'App\\Models\\Request', NULL, 'App\\Http\\Controllers\\Admin\\RequestsController', NULL, 1, 0, '{\"order_column\":null,\"order_display_column\":null,\"order_direction\":\"asc\",\"default_search_key\":null,\"scope\":null}', '2023-12-02 17:49:08', '2024-01-20 11:47:23'),
(5, 'rates', 'rates', 'Rate', 'Rates', 'voyager-star-half', 'App\\Models\\Rate', NULL, 'App\\Http\\Controllers\\Admin\\RatesController', NULL, 1, 0, '{\"order_column\":null,\"order_display_column\":null,\"order_direction\":\"asc\",\"default_search_key\":null,\"scope\":null}', '2023-12-08 13:38:00', '2024-01-22 19:29:02'),
(6, 'coupons', 'coupons', 'Coupon', 'Coupons', 'voyager-lightbulb', 'App\\Models\\Coupon', NULL, NULL, NULL, 1, 0, '{\"order_column\":null,\"order_display_column\":null,\"order_direction\":\"asc\",\"default_search_key\":null,\"scope\":null}', '2023-12-25 20:00:55', '2024-01-23 19:31:39'),
(7, 'transactions', 'transactions', 'Transaction', 'Transactions', 'voyager-tag', 'App\\Models\\Transaction', NULL, 'App\\Http\\Controllers\\Admin\\TransactionsController', NULL, 1, 0, '{\"order_column\":null,\"order_display_column\":null,\"order_direction\":\"asc\",\"default_search_key\":null,\"scope\":null}', '2023-12-29 21:51:59', '2024-01-21 17:02:11'),
(8, 'categories', 'categories', 'Category', 'Categories', 'voyager-polaroid', 'App\\Models\\Category', NULL, NULL, NULL, 1, 0, '{\"order_column\":null,\"order_display_column\":null,\"order_direction\":\"asc\",\"default_search_key\":null,\"scope\":null}', '2023-12-31 20:15:35', '2024-01-22 19:30:22'),
(9, 'sliders', 'sliders', 'Slider', 'Sliders', 'voyager-tv', 'App\\Models\\Slider', NULL, NULL, NULL, 1, 0, '{\"order_column\":null,\"order_display_column\":null,\"order_direction\":\"asc\",\"default_search_key\":null,\"scope\":null}', '2024-02-02 08:19:09', '2024-02-02 08:23:36');

-- --------------------------------------------------------

--
-- Table structure for table `failed_jobs`
--

CREATE TABLE `failed_jobs` (
  `id` bigint(20) UNSIGNED NOT NULL,
  `uuid` varchar(255) COLLATE utf8mb4_unicode_ci NOT NULL,
  `connection` text COLLATE utf8mb4_unicode_ci NOT NULL,
  `queue` text COLLATE utf8mb4_unicode_ci NOT NULL,
  `payload` longtext COLLATE utf8mb4_unicode_ci NOT NULL,
  `exception` longtext COLLATE utf8mb4_unicode_ci NOT NULL,
  `failed_at` timestamp NOT NULL DEFAULT current_timestamp()
) ENGINE=InnoDB DEFAULT CHARSET=utf8mb4 COLLATE=utf8mb4_unicode_ci;

-- --------------------------------------------------------

--
-- Table structure for table `locations`
--

CREATE TABLE `locations` (
  `id` int(10) UNSIGNED NOT NULL,
  `lat` float DEFAULT NULL,
  `lng` float DEFAULT NULL,
  `address` text COLLATE utf8mb4_unicode_ci DEFAULT NULL,
  `request_id` int(11) DEFAULT NULL,
  `created_at` timestamp NULL DEFAULT NULL,
  `updated_at` timestamp NULL DEFAULT NULL
) ENGINE=InnoDB DEFAULT CHARSET=utf8mb4 COLLATE=utf8mb4_unicode_ci;

--
-- Dumping data for table `locations`
--

INSERT INTO `locations` (`id`, `lat`, `lng`, `address`, `request_id`, `created_at`, `updated_at`) VALUES
(6, 1, 1, NULL, 1, '2023-12-25 19:55:13', '2023-12-25 19:55:13'),
(7, 1.232, 1.23345, 'edcdnscjkndfjkc', 1, '2023-12-25 19:55:13', '2023-12-25 19:55:13'),
(12, 30.0442, 30.4316, NULL, 7, '2023-12-26 20:52:44', '2023-12-26 20:52:44'),
(13, 30.1309, 31.3105, NULL, 7, '2023-12-26 20:52:44', '2023-12-26 20:52:44'),
(14, 30.0537, 31.6497, NULL, 7, '2023-12-26 20:52:44', '2023-12-26 20:52:44'),
(15, 29.9569, 31.6909, NULL, 7, '2023-12-26 20:52:44', '2023-12-26 20:52:44'),
(16, 1, 1, 'dbksx', 2, NULL, NULL),
(17, 1, 1, 'xhdbjhd', 2, NULL, NULL),
(18, 1, 1, 'dbksx', 3, NULL, NULL),
(19, 1, 1, 'xhdbjhd', 3, NULL, NULL),
(20, 1, 1, 'dbksx', 4, NULL, NULL),
(21, 1, 1, 'xhdbjhd', 4, NULL, NULL),
(22, 1, 1, 'dbksx', 5, NULL, NULL),
(23, 1, 1, 'xhdbjhd', 5, NULL, NULL);

-- --------------------------------------------------------

--
-- Table structure for table `menus`
--

CREATE TABLE `menus` (
  `id` int(10) UNSIGNED NOT NULL,
  `name` varchar(255) COLLATE utf8mb4_unicode_ci NOT NULL,
  `created_at` timestamp NULL DEFAULT NULL,
  `updated_at` timestamp NULL DEFAULT NULL
) ENGINE=InnoDB DEFAULT CHARSET=utf8mb4 COLLATE=utf8mb4_unicode_ci;

--
-- Dumping data for table `menus`
--

INSERT INTO `menus` (`id`, `name`, `created_at`, `updated_at`) VALUES
(1, 'admin', '2023-12-01 20:47:32', '2023-12-01 20:47:32');

-- --------------------------------------------------------

--
-- Table structure for table `menu_items`
--

CREATE TABLE `menu_items` (
  `id` int(10) UNSIGNED NOT NULL,
  `menu_id` int(10) UNSIGNED DEFAULT NULL,
  `title` varchar(255) COLLATE utf8mb4_unicode_ci NOT NULL,
  `url` varchar(255) COLLATE utf8mb4_unicode_ci NOT NULL,
  `target` varchar(255) COLLATE utf8mb4_unicode_ci NOT NULL DEFAULT '_self',
  `icon_class` varchar(255) COLLATE utf8mb4_unicode_ci DEFAULT NULL,
  `color` varchar(255) COLLATE utf8mb4_unicode_ci DEFAULT NULL,
  `parent_id` int(11) DEFAULT NULL,
  `order` int(11) NOT NULL,
  `created_at` timestamp NULL DEFAULT NULL,
  `updated_at` timestamp NULL DEFAULT NULL,
  `route` varchar(255) COLLATE utf8mb4_unicode_ci DEFAULT NULL,
  `parameters` text COLLATE utf8mb4_unicode_ci DEFAULT NULL
) ENGINE=InnoDB DEFAULT CHARSET=utf8mb4 COLLATE=utf8mb4_unicode_ci;

--
-- Dumping data for table `menu_items`
--

INSERT INTO `menu_items` (`id`, `menu_id`, `title`, `url`, `target`, `icon_class`, `color`, `parent_id`, `order`, `created_at`, `updated_at`, `route`, `parameters`) VALUES
(1, 1, 'Dashboard', '', '_self', 'voyager-boat', '#000000', NULL, 10, '2023-12-01 20:47:32', '2024-01-20 12:56:34', 'voyager.dashboard', 'null'),
(2, 1, 'Media', '', '_self', 'voyager-images', '#000000', NULL, 3, '2023-12-01 20:47:32', '2024-01-20 12:54:39', 'voyager.media.index', 'null'),
(3, 1, 'Users', '', '_self', 'voyager-person', '#000000', NULL, 2, '2023-12-01 20:47:32', '2024-01-20 12:54:21', 'voyager.users.index', 'null'),
(4, 1, 'Roles', '', '_self', 'voyager-lock', '#000000', NULL, 1, '2023-12-01 20:47:32', '2024-01-20 12:54:04', 'voyager.roles.index', 'null'),
(6, 1, 'Menu Builder', '', '_self', 'voyager-list', NULL, 5, 10, '2023-12-01 20:47:32', '2023-12-01 20:47:32', 'voyager.menus.index', NULL),
(7, 1, 'Database', '', '_self', 'voyager-data', NULL, 5, 11, '2023-12-01 20:47:32', '2023-12-01 20:47:32', 'voyager.database.index', NULL),
(8, 1, 'Compass', '', '_self', 'voyager-compass', NULL, 5, 12, '2023-12-01 20:47:32', '2023-12-01 20:47:32', 'voyager.compass.index', NULL),
(9, 1, 'BREAD', '', '_self', 'voyager-bread', NULL, 5, 13, '2023-12-01 20:47:32', '2023-12-01 20:47:32', 'voyager.bread.index', NULL),
(10, 1, 'Settings', '', '_self', 'voyager-settings', '#000000', NULL, 4, '2023-12-01 20:47:32', '2024-01-20 12:54:51', 'voyager.settings.index', 'null'),
(11, 1, 'Requests', '', '_self', 'voyager-alarm-clock', '#000000', NULL, 5, '2023-12-02 17:49:09', '2024-01-20 12:55:11', 'voyager.requests.index', 'null'),
(12, 1, 'Rates', '', '_self', 'voyager-star-half', '#000000', NULL, 6, '2023-12-08 13:38:00', '2024-01-20 12:55:22', 'voyager.rates.index', 'null'),
(13, 1, 'Coupons', '', '_self', 'voyager-lightbulb', '#000000', NULL, 7, '2023-12-25 20:00:55', '2024-01-20 12:55:34', 'voyager.coupons.index', 'null'),
(14, 1, 'Transactions', '', '_self', 'voyager-tag', '#000000', NULL, 8, '2023-12-29 21:51:59', '2024-01-20 12:55:53', 'voyager.transactions.index', 'null'),
(15, 1, 'Categories', '', '_self', 'voyager-polaroid', '#000000', NULL, 9, '2023-12-31 20:15:35', '2024-01-20 12:56:17', 'voyager.categories.index', 'null'),
(16, 1, 'عربي', 'admin/change_language', '_self', 'voyager-bag', '#000000', NULL, 12, '2024-01-20 15:38:40', '2024-02-02 08:21:24', NULL, ''),
(17, 1, 'Sliders', '', '_self', 'voyager-tv', '#000000', NULL, 11, '2024-02-02 08:19:09', '2024-02-02 08:22:14', 'voyager.sliders.index', 'null');

-- --------------------------------------------------------

--
-- Table structure for table `migrations`
--

CREATE TABLE `migrations` (
  `id` int(10) UNSIGNED NOT NULL,
  `migration` varchar(255) COLLATE utf8mb4_unicode_ci NOT NULL,
  `batch` int(11) NOT NULL
) ENGINE=InnoDB DEFAULT CHARSET=utf8mb4 COLLATE=utf8mb4_unicode_ci;

--
-- Dumping data for table `migrations`
--

INSERT INTO `migrations` (`id`, `migration`, `batch`) VALUES
(1, '2014_10_12_000000_create_users_table', 1),
(2, '2014_10_12_100000_create_password_reset_tokens_table', 1),
(3, '2016_01_01_000000_add_voyager_user_fields', 1),
(4, '2016_01_01_000000_create_data_types_table', 1),
(5, '2016_05_19_173453_create_menu_table', 1),
(6, '2016_10_21_190000_create_roles_table', 1),
(7, '2016_10_21_190000_create_settings_table', 1),
(8, '2016_11_30_135954_create_permission_table', 1),
(9, '2016_11_30_141208_create_permission_role_table', 1),
(10, '2016_12_26_201236_data_types__add__server_side', 1),
(11, '2017_01_13_000000_add_route_to_menu_items_table', 1),
(12, '2017_01_14_005015_create_translations_table', 1),
(13, '2017_01_15_000000_make_table_name_nullable_in_permissions_table', 1),
(14, '2017_03_06_000000_add_controller_to_data_types_table', 1),
(15, '2017_04_21_000000_add_order_to_data_rows_table', 1),
(16, '2017_07_05_210000_add_policyname_to_data_types_table', 1),
(17, '2017_08_05_000000_add_group_to_settings_table', 1),
(18, '2017_11_26_013050_add_user_role_relationship', 1),
(19, '2017_11_26_015000_create_user_roles_table', 1),
(20, '2018_03_11_000000_add_user_settings', 1),
(21, '2018_03_14_000000_add_details_to_data_types_table', 1),
(22, '2018_03_16_000000_make_settings_value_nullable', 1),
(23, '2019_08_19_000000_create_failed_jobs_table', 1),
(24, '2019_12_14_000001_create_personal_access_tokens_table', 1),
(25, '2023_12_31_210954_create_categories_table', 0);

-- --------------------------------------------------------

--
-- Table structure for table `notifications`
--

CREATE TABLE `notifications` (
  `id` int(10) UNSIGNED NOT NULL,
  `title` varchar(255) COLLATE utf8mb4_unicode_ci DEFAULT NULL,
  `body` text COLLATE utf8mb4_unicode_ci DEFAULT NULL,
  `read` tinyint(4) DEFAULT 0,
  `type` tinyint(4) DEFAULT 1,
  `meta_data` longtext COLLATE utf8mb4_unicode_ci DEFAULT NULL,
  `user_id` int(11) DEFAULT NULL,
  `created_at` timestamp NULL DEFAULT NULL,
  `updated_at` timestamp NULL DEFAULT NULL,
  `request_id` int(11) DEFAULT NULL,
  `is_action` tinyint(4) NOT NULL DEFAULT 0
) ENGINE=InnoDB DEFAULT CHARSET=utf8mb4 COLLATE=utf8mb4_unicode_ci;

--
-- Dumping data for table `notifications`
--

INSERT INTO `notifications` (`id`, `title`, `body`, `read`, `type`, `meta_data`, `user_id`, `created_at`, `updated_at`, `request_id`, `is_action`) VALUES
(1, 'تم ارسال طلب مرافق', NULL, 0, 1, '{\"notification_id\":1}', 4, '2023-12-23 19:50:45', '2023-12-23 19:50:45', 1, 0),
(2, 'تم الموافقة على طلب مرافق', NULL, 0, 1, '{\"notification_id\":2}', 5, '2023-12-29 19:06:38', '2023-12-29 19:06:38', 1, 0),
(3, 'تم الموافقة على طلب مرافق', NULL, 0, 1, '{\"notification_id\":3}', 5, '2023-12-29 19:10:48', '2023-12-29 19:10:48', 1, 0),
(4, 'تم الموافقة على طلب مرافق', NULL, 0, 1, '{\"notification_id\":4}', 5, '2023-12-29 19:11:20', '2023-12-29 19:11:20', NULL, 0),
(5, 'تم الموافقة على طلب مرافق', NULL, 0, 1, '{\"notification_id\":5}', 5, '2023-12-29 19:12:03', '2023-12-29 19:12:03', NULL, 0),
(6, 'تم الموافقة على طلب مرافق', NULL, 0, 1, '{\"notification_id\":6}', 5, '2023-12-29 19:12:36', '2023-12-29 19:12:36', NULL, 0),
(7, 'تم الموافقة على طلب مرافق', NULL, 0, 1, '{\"notification_id\":7}', 5, '2023-12-29 19:14:42', '2023-12-29 19:14:42', NULL, 0),
(8, 'تم الموافقة على طلب مرافق', NULL, 0, 1, '{\"notification_id\":8}', 5, '2023-12-29 19:15:10', '2023-12-29 19:15:10', NULL, 0),
(9, 'تم رفض طلب مرافق', NULL, 0, 1, '{\"notification_id\":9}', 5, '2023-12-29 19:17:12', '2023-12-29 19:17:12', NULL, 0),
(10, 'تم رفض طلب مرافق', NULL, 0, 1, '{\"notification_id\":10}', 5, '2023-12-29 19:21:33', '2023-12-29 19:21:33', NULL, 0),
(11, 'تم ارسال طلب مرافق', NULL, 0, 1, '{\"notification_id\":11}', 3, '2023-12-29 19:32:35', '2023-12-29 19:32:35', NULL, 0),
(12, 'تم الموافقة على طلب مرافق', NULL, 0, 1, '{\"notification_id\":12}', 5, '2023-12-29 19:36:05', '2023-12-29 19:36:05', NULL, 0),
(13, 'تم انهاء طلب مرافق', NULL, 0, 1, '{\"notification_id\":13}', 5, '2023-12-29 19:36:18', '2023-12-29 19:36:18', NULL, 0),
(14, 'تم ارسال طلب مرافق', NULL, 0, 1, '{\"notification_id\":14}', 3, '2023-12-29 19:39:44', '2023-12-29 19:39:44', NULL, 0),
(15, 'تم الموافقة على طلب مرافق', NULL, 0, 1, '{\"notification_id\":15}', 5, '2023-12-29 19:39:56', '2023-12-29 19:39:56', NULL, 0),
(16, 'تم انهاء طلب مرافق', NULL, 0, 1, '{\"notification_id\":16}', 5, '2023-12-29 19:40:10', '2023-12-29 19:40:10', NULL, 0),
(17, 'تم ارسال طلب مرافق', NULL, 0, 1, '{\"notification_id\":17}', 3, '2023-12-29 19:42:23', '2023-12-29 19:42:23', NULL, 0),
(18, 'تم الموافقة على طلب مرافق', NULL, 0, 1, '{\"notification_id\":18}', 5, '2023-12-29 19:42:47', '2023-12-29 19:42:47', NULL, 0),
(19, 'تم انهاء طلب مرافق', NULL, 0, 1, '{\"notification_id\":19}', 5, '2023-12-29 19:42:57', '2023-12-29 19:42:57', NULL, 0),
(20, 'تم ارسال طلب مرافق', NULL, 0, 1, '{\"notification_id\":20}', 3, '2023-12-29 20:03:44', '2023-12-29 20:03:44', NULL, 0),
(21, 'تم الغاء طلب مرافق', NULL, 0, 1, '{\"notification_id\":21}', 5, '2023-12-29 20:04:40', '2023-12-29 20:04:40', NULL, 0);

-- --------------------------------------------------------

--
-- Table structure for table `password_reset_tokens`
--

CREATE TABLE `password_reset_tokens` (
  `email` varchar(255) COLLATE utf8mb4_unicode_ci NOT NULL,
  `token` varchar(255) COLLATE utf8mb4_unicode_ci NOT NULL,
  `created_at` timestamp NULL DEFAULT NULL
) ENGINE=InnoDB DEFAULT CHARSET=utf8mb4 COLLATE=utf8mb4_unicode_ci;

-- --------------------------------------------------------

--
-- Table structure for table `permissions`
--

CREATE TABLE `permissions` (
  `id` bigint(20) UNSIGNED NOT NULL,
  `key` varchar(255) COLLATE utf8mb4_unicode_ci NOT NULL,
  `table_name` varchar(255) COLLATE utf8mb4_unicode_ci DEFAULT NULL,
  `created_at` timestamp NULL DEFAULT NULL,
  `updated_at` timestamp NULL DEFAULT NULL
) ENGINE=InnoDB DEFAULT CHARSET=utf8mb4 COLLATE=utf8mb4_unicode_ci;

--
-- Dumping data for table `permissions`
--

INSERT INTO `permissions` (`id`, `key`, `table_name`, `created_at`, `updated_at`) VALUES
(1, 'browse_admin', NULL, '2023-12-01 20:47:32', '2023-12-01 20:47:32'),
(2, 'browse_bread', NULL, '2023-12-01 20:47:32', '2023-12-01 20:47:32'),
(3, 'browse_database', NULL, '2023-12-01 20:47:32', '2023-12-01 20:47:32'),
(4, 'browse_media', NULL, '2023-12-01 20:47:32', '2023-12-01 20:47:32'),
(5, 'browse_compass', NULL, '2023-12-01 20:47:32', '2023-12-01 20:47:32'),
(6, 'browse_menus', 'menus', '2023-12-01 20:47:32', '2023-12-01 20:47:32'),
(7, 'read_menus', 'menus', '2023-12-01 20:47:32', '2023-12-01 20:47:32'),
(8, 'edit_menus', 'menus', '2023-12-01 20:47:32', '2023-12-01 20:47:32'),
(9, 'add_menus', 'menus', '2023-12-01 20:47:32', '2023-12-01 20:47:32'),
(10, 'delete_menus', 'menus', '2023-12-01 20:47:32', '2023-12-01 20:47:32'),
(11, 'browse_roles', 'roles', '2023-12-01 20:47:32', '2023-12-01 20:47:32'),
(12, 'read_roles', 'roles', '2023-12-01 20:47:32', '2023-12-01 20:47:32'),
(13, 'edit_roles', 'roles', '2023-12-01 20:47:32', '2023-12-01 20:47:32'),
(14, 'add_roles', 'roles', '2023-12-01 20:47:32', '2023-12-01 20:47:32'),
(15, 'delete_roles', 'roles', '2023-12-01 20:47:32', '2023-12-01 20:47:32'),
(16, 'browse_users', 'users', '2023-12-01 20:47:32', '2023-12-01 20:47:32'),
(17, 'read_users', 'users', '2023-12-01 20:47:32', '2023-12-01 20:47:32'),
(18, 'edit_users', 'users', '2023-12-01 20:47:32', '2023-12-01 20:47:32'),
(19, 'add_users', 'users', '2023-12-01 20:47:32', '2023-12-01 20:47:32'),
(20, 'delete_users', 'users', '2023-12-01 20:47:32', '2023-12-01 20:47:32'),
(21, 'browse_settings', 'settings', '2023-12-01 20:47:33', '2023-12-01 20:47:33'),
(22, 'read_settings', 'settings', '2023-12-01 20:47:33', '2023-12-01 20:47:33'),
(23, 'edit_settings', 'settings', '2023-12-01 20:47:33', '2023-12-01 20:47:33'),
(24, 'add_settings', 'settings', '2023-12-01 20:47:33', '2023-12-01 20:47:33'),
(25, 'delete_settings', 'settings', '2023-12-01 20:47:33', '2023-12-01 20:47:33'),
(26, 'browse_requests', 'requests', '2023-12-02 17:49:09', '2023-12-02 17:49:09'),
(27, 'read_requests', 'requests', '2023-12-02 17:49:09', '2023-12-02 17:49:09'),
(28, 'edit_requests', 'requests', '2023-12-02 17:49:09', '2023-12-02 17:49:09'),
(29, 'add_requests', 'requests', '2023-12-02 17:49:09', '2023-12-02 17:49:09'),
(30, 'delete_requests', 'requests', '2023-12-02 17:49:09', '2023-12-02 17:49:09'),
(31, 'browse_rates', 'rates', '2023-12-08 13:38:00', '2023-12-08 13:38:00'),
(32, 'read_rates', 'rates', '2023-12-08 13:38:00', '2023-12-08 13:38:00'),
(33, 'edit_rates', 'rates', '2023-12-08 13:38:00', '2023-12-08 13:38:00'),
(34, 'add_rates', 'rates', '2023-12-08 13:38:00', '2023-12-08 13:38:00'),
(35, 'delete_rates', 'rates', '2023-12-08 13:38:00', '2023-12-08 13:38:00'),
(36, 'browse_coupons', 'coupons', '2023-12-25 20:00:55', '2023-12-25 20:00:55'),
(37, 'read_coupons', 'coupons', '2023-12-25 20:00:55', '2023-12-25 20:00:55'),
(38, 'edit_coupons', 'coupons', '2023-12-25 20:00:55', '2023-12-25 20:00:55'),
(39, 'add_coupons', 'coupons', '2023-12-25 20:00:55', '2023-12-25 20:00:55'),
(40, 'delete_coupons', 'coupons', '2023-12-25 20:00:55', '2023-12-25 20:00:55'),
(41, 'browse_transactions', 'transactions', '2023-12-29 21:51:59', '2023-12-29 21:51:59'),
(42, 'read_transactions', 'transactions', '2023-12-29 21:51:59', '2023-12-29 21:51:59'),
(43, 'edit_transactions', 'transactions', '2023-12-29 21:51:59', '2023-12-29 21:51:59'),
(44, 'add_transactions', 'transactions', '2023-12-29 21:51:59', '2023-12-29 21:51:59'),
(45, 'delete_transactions', 'transactions', '2023-12-29 21:51:59', '2023-12-29 21:51:59'),
(46, 'browse_categories', 'categories', '2023-12-31 20:15:35', '2023-12-31 20:15:35'),
(47, 'read_categories', 'categories', '2023-12-31 20:15:35', '2023-12-31 20:15:35'),
(48, 'edit_categories', 'categories', '2023-12-31 20:15:35', '2023-12-31 20:15:35'),
(49, 'add_categories', 'categories', '2023-12-31 20:15:35', '2023-12-31 20:15:35'),
(50, 'delete_categories', 'categories', '2023-12-31 20:15:35', '2023-12-31 20:15:35'),
(51, 'browse_sliders', 'sliders', '2024-02-02 08:19:09', '2024-02-02 08:19:09'),
(52, 'read_sliders', 'sliders', '2024-02-02 08:19:09', '2024-02-02 08:19:09'),
(53, 'edit_sliders', 'sliders', '2024-02-02 08:19:09', '2024-02-02 08:19:09'),
(54, 'add_sliders', 'sliders', '2024-02-02 08:19:09', '2024-02-02 08:19:09'),
(55, 'delete_sliders', 'sliders', '2024-02-02 08:19:09', '2024-02-02 08:19:09');

-- --------------------------------------------------------

--
-- Table structure for table `permission_role`
--

CREATE TABLE `permission_role` (
  `permission_id` bigint(20) UNSIGNED NOT NULL,
  `role_id` bigint(20) UNSIGNED NOT NULL
) ENGINE=InnoDB DEFAULT CHARSET=utf8mb4 COLLATE=utf8mb4_unicode_ci;

--
-- Dumping data for table `permission_role`
--

INSERT INTO `permission_role` (`permission_id`, `role_id`) VALUES
(1, 1),
(2, 1),
(3, 1),
(4, 1),
(5, 1),
(6, 1),
(7, 1),
(8, 1),
(9, 1),
(10, 1),
(11, 1),
(12, 1),
(13, 1),
(14, 1),
(15, 1),
(16, 1),
(17, 1),
(18, 1),
(19, 1),
(20, 1),
(21, 1),
(22, 1),
(23, 1),
(24, 1),
(25, 1),
(26, 1),
(27, 1),
(28, 1),
(29, 1),
(30, 1),
(31, 1),
(32, 1),
(33, 1),
(34, 1),
(35, 1),
(36, 1),
(37, 1),
(38, 1),
(39, 1),
(40, 1),
(41, 1),
(42, 1),
(46, 1),
(47, 1),
(48, 1),
(49, 1),
(51, 1),
(52, 1),
(53, 1),
(54, 1),
(55, 1);

-- --------------------------------------------------------

--
-- Table structure for table `rates`
--

CREATE TABLE `rates` (
  `id` int(10) UNSIGNED NOT NULL,
  `rate` float DEFAULT 0,
  `notes` text COLLATE utf8mb4_unicode_ci DEFAULT NULL,
  `user_id` int(11) DEFAULT NULL,
  `companion_id` int(11) DEFAULT NULL,
  `request_id` int(11) DEFAULT NULL,
  `created_at` timestamp NULL DEFAULT NULL,
  `updated_at` timestamp NULL DEFAULT NULL
) ENGINE=InnoDB DEFAULT CHARSET=utf8mb4 COLLATE=utf8mb4_unicode_ci;

--
-- Dumping data for table `rates`
--

INSERT INTO `rates` (`id`, `rate`, `notes`, `user_id`, `companion_id`, `request_id`, `created_at`, `updated_at`) VALUES
(1, 1, 'hnhjn', 5, 4, 1, '2023-12-23 20:10:45', '2023-12-23 20:10:45'),
(2, 5, 'hnhjn', 5, 4, 2, '2023-12-29 22:33:44', '2023-12-29 22:34:19');

-- --------------------------------------------------------

--
-- Table structure for table `requests`
--

CREATE TABLE `requests` (
  `id` int(10) UNSIGNED NOT NULL,
  `category_id` int(11) DEFAULT NULL,
  `description` text COLLATE utf8mb4_unicode_ci DEFAULT NULL,
  `from` datetime DEFAULT NULL,
  `to` datetime DEFAULT NULL,
  `status` tinyint(4) DEFAULT 1,
  `notes` text COLLATE utf8mb4_unicode_ci DEFAULT NULL,
  `user_id` int(11) DEFAULT NULL,
  `companion_id` int(11) DEFAULT NULL,
  `created_at` timestamp NULL DEFAULT NULL,
  `updated_at` timestamp NULL DEFAULT NULL,
  `cost` float NOT NULL DEFAULT 0,
  `tax` float NOT NULL DEFAULT 0,
  `sys_cost` float NOT NULL DEFAULT 0,
  `total` float NOT NULL DEFAULT 0,
  `coupon_id` int(11) DEFAULT NULL
) ENGINE=InnoDB DEFAULT CHARSET=utf8mb4 COLLATE=utf8mb4_unicode_ci;

--
-- Dumping data for table `requests`
--

INSERT INTO `requests` (`id`, `category_id`, `description`, `from`, `to`, `status`, `notes`, `user_id`, `companion_id`, `created_at`, `updated_at`, `cost`, `tax`, `sys_cost`, `total`, `coupon_id`) VALUES
(1, 1, 'fefcmkeorjmkcf', '2023-12-20 01:00:00', '2023-12-20 06:00:00', 4, NULL, 5, 3, '2023-12-23 19:50:45', '2023-12-29 19:21:33', 500, 10, 0, 520, NULL),
(2, 1, 'fefcmkeorjmkcf', '2023-12-20 01:00:00', '2023-12-20 06:00:00', 3, NULL, 5, 3, '2023-12-29 19:32:35', '2023-12-29 19:36:18', 450, 45, 0, 505, NULL),
(3, 1, 'fefcmkeorjmkcf', '2023-12-20 01:00:00', '2023-12-20 06:00:00', 3, NULL, 5, 3, '2023-12-29 19:39:44', '2023-12-29 19:40:10', 450, 45, 10, 505, NULL),
(4, 1, 'fefcmkeorjmkcf', '2023-12-20 01:00:00', '2023-12-20 06:00:00', 3, NULL, 5, 3, '2023-12-29 19:42:23', '2023-12-29 19:42:57', 450, 45, 10, 505, NULL),
(5, 1, 'fefcmkeorjmkcf', '2023-12-20 01:00:00', '2023-12-20 06:00:00', 5, NULL, 5, 3, '2023-12-29 20:03:44', '2023-12-29 20:04:40', 450, 45, 10, 505, NULL);

-- --------------------------------------------------------

--
-- Table structure for table `roles`
--

CREATE TABLE `roles` (
  `id` bigint(20) UNSIGNED NOT NULL,
  `name` varchar(255) COLLATE utf8mb4_unicode_ci NOT NULL,
  `display_name` varchar(255) COLLATE utf8mb4_unicode_ci NOT NULL,
  `created_at` timestamp NULL DEFAULT NULL,
  `updated_at` timestamp NULL DEFAULT NULL
) ENGINE=InnoDB DEFAULT CHARSET=utf8mb4 COLLATE=utf8mb4_unicode_ci;

--
-- Dumping data for table `roles`
--

INSERT INTO `roles` (`id`, `name`, `display_name`, `created_at`, `updated_at`) VALUES
(1, 'admin', 'Administrator', '2023-12-01 20:47:32', '2023-12-01 20:47:32'),
(2, 'companion', 'companion', '2023-12-01 20:47:32', '2023-12-02 11:17:51'),
(3, 'user', 'Normal User', '2023-12-02 11:18:19', '2023-12-02 11:18:19');

-- --------------------------------------------------------

--
-- Table structure for table `sliders`
--

CREATE TABLE `sliders` (
  `id` int(10) UNSIGNED NOT NULL,
  `image` varchar(500) COLLATE utf8mb4_unicode_ci DEFAULT NULL,
  `name` varchar(500) COLLATE utf8mb4_unicode_ci DEFAULT NULL,
  `description` text COLLATE utf8mb4_unicode_ci DEFAULT NULL,
  `created_at` timestamp NULL DEFAULT NULL,
  `updated_at` timestamp NULL DEFAULT NULL
) ENGINE=InnoDB DEFAULT CHARSET=utf8mb4 COLLATE=utf8mb4_unicode_ci;

--
-- Dumping data for table `sliders`
--

INSERT INTO `sliders` (`id`, `image`, `name`, `description`, `created_at`, `updated_at`) VALUES
(1, 'sliders/February2024/va1oo4M7sinUMg7Zo98t.png', 'ايذ يذزاعيزذ يهعاذعصهثابلذزثص', 'Pariatur Doloribus ترنذتيبردتيب', '2024-02-02 08:23:01', '2024-02-02 08:23:01');

-- --------------------------------------------------------

--
-- Table structure for table `transactions`
--

CREATE TABLE `transactions` (
  `id` int(10) UNSIGNED NOT NULL,
  `from` int(11) DEFAULT NULL,
  `to` int(11) DEFAULT NULL,
  `amount` float DEFAULT 0,
  `request_id` int(11) DEFAULT NULL,
  `payment_method` tinyint(4) DEFAULT 1,
  `payment_status` tinyint(4) DEFAULT 1,
  `payment_cost` tinyint(4) DEFAULT 1,
  `response` longtext COLLATE utf8mb4_unicode_ci DEFAULT NULL,
  `type` tinyint(4) DEFAULT 1,
  `created_at` timestamp NULL DEFAULT current_timestamp(),
  `updated_at` timestamp NULL DEFAULT NULL,
  `created_by` int(11) DEFAULT NULL
) ENGINE=InnoDB DEFAULT CHARSET=utf8mb4 COLLATE=utf8mb4_unicode_ci;

--
-- Dumping data for table `transactions`
--

INSERT INTO `transactions` (`id`, `from`, `to`, `amount`, `request_id`, `payment_method`, `payment_status`, `payment_cost`, `response`, `type`, `created_at`, `updated_at`, `created_by`) VALUES
(1, 5, 5, -150, NULL, 1, 1, 1, NULL, 2, NULL, NULL, 5),
(2, 5, 5, -150, NULL, 1, 1, 1, NULL, 2, NULL, NULL, 5),
(3, 5, 5, -150, NULL, 1, 1, 1, NULL, 2, NULL, NULL, 5),
(4, 5, 5, -150, NULL, 1, 1, 1, NULL, 2, NULL, NULL, 5),
(5, 5, 5, -150, NULL, 1, 1, 1, NULL, 2, NULL, NULL, 5),
(6, 5, 5, -150, NULL, 1, 1, 1, NULL, 2, NULL, NULL, 5),
(8, 3, 5, -520, 1, 1, 4, 1, NULL, 2, NULL, NULL, 3),
(9, 5, 3, 450, 2, 1, 3, 1, NULL, 1, NULL, NULL, 5),
(10, 5, 3, -450, 2, 1, 2, 1, NULL, 2, NULL, NULL, 3),
(11, 5, 3, 450, 3, 1, 3, 1, NULL, 1, NULL, NULL, 5),
(12, 5, 3, -450, 3, 1, 2, 1, NULL, 2, NULL, NULL, 3),
(13, 5, 3, 450, 4, 1, 3, 1, NULL, 1, NULL, NULL, 5),
(14, 5, 3, 45, 4, 1, 3, 2, NULL, 1, NULL, NULL, 5),
(15, 5, 3, 10, 4, 1, 3, 2, NULL, 1, NULL, NULL, 5),
(16, 5, 3, -450, 4, 1, 2, 1, NULL, 2, NULL, NULL, 3),
(17, 5, 3, 450, 5, 1, 3, 1, NULL, 1, NULL, NULL, 5),
(18, 5, 3, 45, 5, 1, 3, 2, NULL, 1, NULL, NULL, 5),
(19, 5, 3, 10, 5, 1, 3, 2, NULL, 1, NULL, NULL, 5),
(20, 5, 5, -505, 5, 1, 4, 1, NULL, 2, NULL, NULL, 5),
(21, 5, 5, -150, NULL, 1, 1, 1, NULL, 2, '2024-01-23 02:23:33', NULL, 5);

-- --------------------------------------------------------

--
-- Table structure for table `translations`
--

CREATE TABLE `translations` (
  `id` int(10) UNSIGNED NOT NULL,
  `table_name` varchar(255) COLLATE utf8mb4_unicode_ci NOT NULL,
  `column_name` varchar(255) COLLATE utf8mb4_unicode_ci NOT NULL,
  `foreign_key` int(10) UNSIGNED NOT NULL,
  `locale` varchar(255) COLLATE utf8mb4_unicode_ci NOT NULL,
  `value` text COLLATE utf8mb4_unicode_ci NOT NULL,
  `created_at` timestamp NULL DEFAULT NULL,
  `updated_at` timestamp NULL DEFAULT NULL
) ENGINE=InnoDB DEFAULT CHARSET=utf8mb4 COLLATE=utf8mb4_unicode_ci;

--
-- Dumping data for table `translations`
--

INSERT INTO `translations` (`id`, `table_name`, `column_name`, `foreign_key`, `locale`, `value`, `created_at`, `updated_at`) VALUES
(1, 'data_rows', 'display_name', 1, 'ar', 'ID', '2024-01-19 22:04:22', '2024-01-19 22:04:22'),
(2, 'data_rows', 'display_name', 21, 'ar', 'Role', '2024-01-19 22:04:22', '2024-01-19 22:04:22'),
(3, 'data_rows', 'display_name', 2, 'ar', 'الاسم', '2024-01-19 22:04:22', '2024-01-20 11:38:29'),
(4, 'data_rows', 'display_name', 3, 'ar', 'البريد الالكتروني', '2024-01-19 22:04:22', '2024-01-20 11:38:29'),
(5, 'data_rows', 'display_name', 8, 'ar', 'الصورة', '2024-01-19 22:04:22', '2024-01-20 11:38:29'),
(6, 'data_rows', 'display_name', 71, 'ar', 'وقت تاكيد الهاتف', '2024-01-19 22:04:22', '2024-01-20 11:38:29'),
(7, 'data_rows', 'display_name', 4, 'ar', 'كلمة المرور', '2024-01-19 22:04:22', '2024-01-20 11:38:29'),
(8, 'data_rows', 'display_name', 5, 'ar', 'Remember Token', '2024-01-19 22:04:22', '2024-01-19 22:04:22'),
(9, 'data_rows', 'display_name', 11, 'ar', 'Settings', '2024-01-19 22:04:22', '2024-01-19 22:04:22'),
(10, 'data_rows', 'display_name', 6, 'ar', 'تاريخ الانشاء', '2024-01-19 22:04:22', '2024-01-20 11:38:29'),
(11, 'data_rows', 'display_name', 7, 'ar', 'Updated At', '2024-01-19 22:04:22', '2024-01-19 22:04:22'),
(12, 'data_rows', 'display_name', 23, 'ar', 'الهاتف', '2024-01-19 22:04:22', '2024-01-20 11:38:29'),
(13, 'data_rows', 'display_name', 24, 'ar', 'الجنس', '2024-01-19 22:04:22', '2024-01-20 11:38:29'),
(14, 'data_rows', 'display_name', 25, 'ar', 'تاريخ الميلاد', '2024-01-19 22:04:22', '2024-01-20 11:38:29'),
(15, 'data_rows', 'display_name', 26, 'ar', 'الوزن', '2024-01-19 22:04:22', '2024-01-20 11:38:29'),
(16, 'data_rows', 'display_name', 27, 'ar', 'نوع الاعاقة', '2024-01-19 22:04:22', '2024-01-20 11:38:29'),
(17, 'data_rows', 'display_name', 28, 'ar', 'رقم جوال احد الاقارب', '2024-01-19 22:04:22', '2024-01-20 11:38:29'),
(18, 'data_rows', 'display_name', 29, 'ar', 'الجنسية', '2024-01-19 22:04:22', '2024-01-20 11:38:29'),
(19, 'data_rows', 'display_name', 30, 'ar', 'رقم الهوية', '2024-01-19 22:04:22', '2024-01-20 11:38:29'),
(20, 'data_rows', 'display_name', 31, 'ar', 'المؤهلات', '2024-01-19 22:04:22', '2024-01-20 11:38:29'),
(21, 'data_rows', 'display_name', 32, 'ar', 'التخصص', '2024-01-19 22:04:22', '2024-01-20 11:38:29'),
(22, 'data_rows', 'display_name', 33, 'ar', 'مجال الخبرة', '2024-01-19 22:04:22', '2024-01-20 11:38:29'),
(23, 'data_rows', 'display_name', 34, 'ar', 'سنوات الخبرة', '2024-01-19 22:04:22', '2024-01-20 11:38:29'),
(24, 'data_rows', 'display_name', 35, 'ar', 'السيرة الذاتية', '2024-01-19 22:04:22', '2024-01-20 11:38:29'),
(25, 'data_rows', 'display_name', 36, 'ar', 'شهادات اخرى', '2024-01-19 22:04:22', '2024-01-20 11:38:29'),
(26, 'data_rows', 'display_name', 37, 'ar', 'رقم IBAN', '2024-01-19 22:04:22', '2024-01-20 11:38:29'),
(27, 'data_rows', 'display_name', 56, 'ar', 'المحفظة', '2024-01-19 22:04:22', '2024-01-20 11:38:29'),
(28, 'data_rows', 'display_name', 57, 'ar', 'التقييم', '2024-01-19 22:04:22', '2024-01-20 11:38:29'),
(29, 'data_rows', 'display_name', 69, 'ar', 'مفتاح الهاتف لازسال اشعارات', '2024-01-19 22:04:22', '2024-01-20 11:38:29'),
(30, 'data_rows', 'display_name', 70, 'ar', 'الحالة', '2024-01-19 22:04:22', '2024-01-20 11:38:29'),
(31, 'data_rows', 'display_name', 72, 'ar', 'دوائر العرض', '2024-01-19 22:04:22', '2024-01-20 11:38:29'),
(32, 'data_rows', 'display_name', 73, 'ar', 'خط الطول', '2024-01-19 22:04:22', '2024-01-20 11:38:29'),
(33, 'data_rows', 'display_name', 9, 'ar', 'الصلاحية', '2024-01-19 22:04:22', '2024-01-20 11:38:29'),
(34, 'data_rows', 'display_name', 10, 'ar', 'Roles', '2024-01-19 22:04:22', '2024-01-19 22:04:22'),
(35, 'data_rows', 'display_name', 38, 'ar', 'الجنسية', '2024-01-19 22:04:22', '2024-01-20 11:38:29'),
(36, 'data_types', 'display_name_singular', 1, 'ar', 'المستخدم', '2024-01-19 22:04:22', '2024-01-20 11:38:29'),
(37, 'data_types', 'display_name_plural', 1, 'ar', 'المستخدمين', '2024-01-19 22:04:22', '2024-01-20 11:38:29'),
(38, 'data_rows', 'display_name', 74, 'ar', 'Id', '2024-01-20 11:42:32', '2024-01-20 11:42:32'),
(39, 'data_rows', 'display_name', 75, 'ar', 'الرمز', '2024-01-20 11:42:32', '2024-01-20 11:42:32'),
(40, 'data_rows', 'display_name', 76, 'ar', 'تاريخ الانتهاء', '2024-01-20 11:42:32', '2024-01-20 11:42:32'),
(41, 'data_rows', 'display_name', 77, 'ar', 'التكلفة', '2024-01-20 11:42:32', '2024-01-20 11:42:32'),
(42, 'data_rows', 'display_name', 78, 'ar', 'نسبة مئويه', '2024-01-20 11:42:32', '2024-01-20 11:42:32'),
(43, 'data_rows', 'display_name', 81, 'ar', 'مفعل', '2024-01-20 11:42:32', '2024-01-20 11:42:32'),
(44, 'data_rows', 'display_name', 79, 'ar', 'تاريخ الانشاء', '2024-01-20 11:42:32', '2024-01-20 11:42:32'),
(45, 'data_rows', 'display_name', 80, 'ar', 'Updated At', '2024-01-20 11:42:32', '2024-01-20 11:42:32'),
(46, 'data_types', 'display_name_singular', 6, 'ar', 'كوبون الخصم', '2024-01-20 11:42:32', '2024-01-20 11:42:32'),
(47, 'data_types', 'display_name_plural', 6, 'ar', 'كوبونات الخصم', '2024-01-20 11:42:32', '2024-01-20 11:42:32'),
(48, 'data_rows', 'display_name', 58, 'ar', 'Id', '2024-01-20 11:44:36', '2024-01-20 11:44:36'),
(49, 'data_rows', 'display_name', 59, 'ar', 'التقيم', '2024-01-20 11:44:36', '2024-01-20 11:44:36'),
(50, 'data_rows', 'display_name', 60, 'ar', 'الملاحظات', '2024-01-20 11:44:36', '2024-01-20 11:44:36'),
(51, 'data_rows', 'display_name', 61, 'ar', 'User Id', '2024-01-20 11:44:36', '2024-01-20 11:44:36'),
(52, 'data_rows', 'display_name', 62, 'ar', 'Companion Id', '2024-01-20 11:44:36', '2024-01-20 11:44:36'),
(53, 'data_rows', 'display_name', 63, 'ar', 'Request Id', '2024-01-20 11:44:36', '2024-01-20 11:44:36'),
(54, 'data_rows', 'display_name', 64, 'ar', 'تاريخ الانشاء', '2024-01-20 11:44:36', '2024-01-20 11:44:36'),
(55, 'data_rows', 'display_name', 65, 'ar', 'Updated At', '2024-01-20 11:44:36', '2024-01-20 11:44:36'),
(56, 'data_rows', 'display_name', 66, 'ar', 'المستخدم', '2024-01-20 11:44:36', '2024-01-20 11:44:36'),
(57, 'data_rows', 'display_name', 67, 'ar', 'المتطوع', '2024-01-20 11:44:36', '2024-01-20 11:44:36'),
(58, 'data_rows', 'display_name', 82, 'ar', 'الطلب', '2024-01-20 11:44:36', '2024-01-20 11:44:36'),
(59, 'data_types', 'display_name_singular', 5, 'ar', 'التقيم', '2024-01-20 11:44:36', '2024-01-20 11:44:36'),
(60, 'data_types', 'display_name_plural', 5, 'ar', 'التقيمات', '2024-01-20 11:44:36', '2024-01-20 11:44:36'),
(61, 'data_rows', 'display_name', 39, 'ar', 'Id', '2024-01-20 11:47:23', '2024-01-20 11:47:23'),
(62, 'data_rows', 'display_name', 108, 'ar', 'Category Id', '2024-01-20 11:47:23', '2024-01-20 11:47:23'),
(63, 'data_rows', 'display_name', 41, 'ar', 'التفاصيل', '2024-01-20 11:47:23', '2024-01-20 11:47:23'),
(64, 'data_rows', 'display_name', 42, 'ar', 'من وقت', '2024-01-20 11:47:23', '2024-01-20 11:47:23'),
(65, 'data_rows', 'display_name', 43, 'ar', 'الى وقت', '2024-01-20 11:47:23', '2024-01-20 11:47:23'),
(66, 'data_rows', 'display_name', 44, 'ar', 'حالة الطلب', '2024-01-20 11:47:23', '2024-01-20 11:47:23'),
(67, 'data_rows', 'display_name', 45, 'ar', 'الملاحظات', '2024-01-20 11:47:23', '2024-01-20 11:47:23'),
(68, 'data_rows', 'display_name', 46, 'ar', 'User Id', '2024-01-20 11:47:23', '2024-01-20 11:47:23'),
(69, 'data_rows', 'display_name', 47, 'ar', 'Companion Id', '2024-01-20 11:47:23', '2024-01-20 11:47:23'),
(70, 'data_rows', 'display_name', 48, 'ar', 'تاريخ الانشاء', '2024-01-20 11:47:23', '2024-01-20 11:47:23'),
(71, 'data_rows', 'display_name', 49, 'ar', 'Updated At', '2024-01-20 11:47:23', '2024-01-20 11:47:23'),
(72, 'data_rows', 'display_name', 50, 'ar', 'التكلفة', '2024-01-20 11:47:23', '2024-01-20 11:47:23'),
(73, 'data_rows', 'display_name', 51, 'ar', 'الضريبة', '2024-01-20 11:47:23', '2024-01-20 11:47:23'),
(74, 'data_rows', 'display_name', 52, 'ar', 'تكلفة التطبيق', '2024-01-20 11:47:23', '2024-01-20 11:47:23'),
(75, 'data_rows', 'display_name', 53, 'ar', 'مجموع التكلفة', '2024-01-20 11:47:23', '2024-01-20 11:47:23'),
(76, 'data_rows', 'display_name', 83, 'ar', 'Coupon Id', '2024-01-20 11:47:23', '2024-01-20 11:47:23'),
(77, 'data_rows', 'display_name', 54, 'ar', 'المستخدم', '2024-01-20 11:47:23', '2024-01-20 11:47:23'),
(78, 'data_rows', 'display_name', 55, 'ar', 'المتطوع', '2024-01-20 11:47:23', '2024-01-20 11:47:23'),
(79, 'data_rows', 'display_name', 107, 'ar', 'الكوبون', '2024-01-20 11:47:23', '2024-01-20 11:47:23'),
(80, 'data_rows', 'display_name', 109, 'ar', 'نوع الخدمة', '2024-01-20 11:47:23', '2024-01-20 11:47:23'),
(81, 'data_types', 'display_name_singular', 4, 'ar', 'الطلب', '2024-01-20 11:47:23', '2024-01-20 11:47:23'),
(82, 'data_types', 'display_name_plural', 4, 'ar', 'الطلبات', '2024-01-20 11:47:23', '2024-01-20 11:47:23'),
(83, 'data_rows', 'display_name', 16, 'ar', 'ID', '2024-01-20 11:49:21', '2024-01-20 11:49:21'),
(84, 'data_rows', 'display_name', 17, 'ar', 'الاسم', '2024-01-20 11:49:21', '2024-01-20 11:49:21'),
(85, 'data_rows', 'display_name', 20, 'ar', 'اسم الصلاحية  (يجب الا يتكرر)', '2024-01-20 11:49:21', '2024-01-20 11:49:21'),
(86, 'data_rows', 'display_name', 18, 'ar', 'تاريخ الانشاء', '2024-01-20 11:49:21', '2024-01-20 11:49:21'),
(87, 'data_rows', 'display_name', 19, 'ar', 'Updated At', '2024-01-20 11:49:21', '2024-01-20 11:49:21'),
(88, 'data_types', 'display_name_singular', 3, 'ar', 'Role', '2024-01-20 11:49:21', '2024-01-20 11:49:21'),
(89, 'data_types', 'display_name_plural', 3, 'ar', 'Roles', '2024-01-20 11:49:21', '2024-01-20 11:49:21'),
(90, 'data_rows', 'display_name', 84, 'ar', 'Id', '2024-01-20 11:52:03', '2024-01-20 11:52:03'),
(91, 'data_rows', 'display_name', 85, 'ar', 'من حساب', '2024-01-20 11:52:03', '2024-01-20 11:52:03'),
(92, 'data_rows', 'display_name', 86, 'ar', 'الى حساب', '2024-01-20 11:52:03', '2024-01-20 11:52:03'),
(93, 'data_rows', 'display_name', 87, 'ar', 'التكلفة', '2024-01-20 11:52:03', '2024-01-20 11:52:03'),
(94, 'data_rows', 'display_name', 88, 'ar', 'Request Id', '2024-01-20 11:52:03', '2024-01-20 11:52:03'),
(95, 'data_rows', 'display_name', 89, 'ar', 'نوع الدفع', '2024-01-20 11:52:03', '2024-01-20 11:52:03'),
(96, 'data_rows', 'display_name', 90, 'ar', 'حالة الطلب', '2024-01-20 11:52:03', '2024-01-20 11:52:03'),
(97, 'data_rows', 'display_name', 91, 'ar', 'تكلفة العملية', '2024-01-20 11:52:03', '2024-01-20 11:52:03'),
(98, 'data_rows', 'display_name', 92, 'ar', 'ملاحظات', '2024-01-20 11:52:03', '2024-01-20 11:52:03'),
(99, 'data_rows', 'display_name', 93, 'ar', 'نوع العملية', '2024-01-20 11:52:03', '2024-01-20 11:52:03'),
(100, 'data_rows', 'display_name', 94, 'ar', 'تاريخ الانشاء', '2024-01-20 11:52:03', '2024-01-20 11:52:03'),
(101, 'data_rows', 'display_name', 95, 'ar', 'Updated At', '2024-01-20 11:52:03', '2024-01-20 11:52:03'),
(102, 'data_rows', 'display_name', 96, 'ar', 'تمت بواسطة', '2024-01-20 11:52:03', '2024-01-20 11:52:03'),
(103, 'data_rows', 'display_name', 97, 'ar', 'من حساب', '2024-01-20 11:52:03', '2024-01-20 11:52:03'),
(104, 'data_rows', 'display_name', 98, 'ar', 'الى حساب', '2024-01-20 11:52:03', '2024-01-20 11:52:03'),
(105, 'data_rows', 'display_name', 99, 'ar', 'الطلب', '2024-01-20 11:52:03', '2024-01-20 11:52:03'),
(106, 'data_rows', 'display_name', 100, 'ar', 'تمت بواسطة', '2024-01-20 11:52:03', '2024-01-20 11:52:03'),
(107, 'data_types', 'display_name_singular', 7, 'ar', 'العملية', '2024-01-20 11:52:03', '2024-01-20 11:52:03'),
(108, 'data_types', 'display_name_plural', 7, 'ar', 'العمليات', '2024-01-20 11:52:03', '2024-01-20 11:52:03'),
(109, 'data_rows', 'display_name', 101, 'ar', 'Id', '2024-01-20 11:54:24', '2024-01-20 11:54:24'),
(110, 'data_rows', 'display_name', 102, 'ar', 'الاسم', '2024-01-20 11:54:24', '2024-01-20 11:54:24'),
(111, 'data_rows', 'display_name', 103, 'ar', 'اللون', '2024-01-20 11:54:24', '2024-01-20 11:54:24'),
(112, 'data_rows', 'display_name', 104, 'ar', 'مفعل', '2024-01-20 11:54:24', '2024-01-20 11:54:24'),
(113, 'data_rows', 'display_name', 105, 'ar', 'تاريخ الانشاء', '2024-01-20 11:54:24', '2024-01-20 11:54:24'),
(114, 'data_rows', 'display_name', 106, 'ar', 'Updated At', '2024-01-20 11:54:24', '2024-01-20 11:54:24'),
(115, 'data_types', 'display_name_singular', 8, 'ar', 'نوع الطلب', '2024-01-20 11:54:24', '2024-01-20 11:54:24'),
(116, 'data_types', 'display_name_plural', 8, 'ar', 'انواع الطلب', '2024-01-20 11:54:24', '2024-01-20 11:54:24'),
(117, 'menu_items', 'title', 4, 'ar', 'الصلاحيات', '2024-01-20 12:54:04', '2024-01-20 12:54:04'),
(118, 'menu_items', 'title', 3, 'ar', 'المستخدمين', '2024-01-20 12:54:21', '2024-01-20 12:54:21'),
(119, 'menu_items', 'title', 2, 'ar', 'الصور والملفات', '2024-01-20 12:54:39', '2024-01-20 12:54:39'),
(120, 'menu_items', 'title', 10, 'ar', 'الاعدادات', '2024-01-20 12:54:51', '2024-01-20 12:54:51'),
(121, 'menu_items', 'title', 11, 'ar', 'الطلبات', '2024-01-20 12:55:11', '2024-01-20 12:55:11'),
(122, 'menu_items', 'title', 12, 'ar', 'التقيمات', '2024-01-20 12:55:22', '2024-01-20 12:55:22'),
(123, 'menu_items', 'title', 13, 'ar', 'الكوبونات', '2024-01-20 12:55:34', '2024-01-20 12:55:34'),
(124, 'menu_items', 'title', 14, 'ar', 'عمليات الدفع', '2024-01-20 12:55:53', '2024-01-20 12:55:53'),
(125, 'menu_items', 'title', 15, 'ar', 'انواع الطلبات', '2024-01-20 12:56:17', '2024-01-20 12:56:17'),
(126, 'menu_items', 'title', 1, 'ar', 'الرئيسية', '2024-01-20 12:56:34', '2024-01-20 12:56:34'),
(127, 'menu_items', 'title', 16, 'ar', 'English', '2024-01-20 15:38:40', '2024-01-20 15:38:40'),
(128, 'data_rows', 'display_name', 110, 'ar', 'Id', '2024-02-02 08:21:09', '2024-02-02 08:21:09'),
(129, 'data_rows', 'display_name', 111, 'ar', 'الصورة', '2024-02-02 08:21:09', '2024-02-02 08:21:09'),
(130, 'data_rows', 'display_name', 112, 'ar', 'العنوان', '2024-02-02 08:21:09', '2024-02-02 08:21:09'),
(131, 'data_rows', 'display_name', 113, 'ar', 'الشرح', '2024-02-02 08:21:09', '2024-02-02 08:21:09'),
(132, 'data_rows', 'display_name', 114, 'ar', 'تاريخ الانشاء', '2024-02-02 08:21:09', '2024-02-02 08:21:09'),
(133, 'data_rows', 'display_name', 115, 'ar', 'Updated At', '2024-02-02 08:21:09', '2024-02-02 08:21:09'),
(134, 'data_types', 'display_name_singular', 9, 'ar', 'شريط التمرير', '2024-02-02 08:21:09', '2024-02-02 08:21:09'),
(135, 'data_types', 'display_name_plural', 9, 'ar', 'شريط التمرير', '2024-02-02 08:21:09', '2024-02-02 08:21:09'),
(136, 'menu_items', 'title', 17, 'ar', 'شريط التمرير', '2024-02-02 08:22:14', '2024-02-02 08:22:14');

-- --------------------------------------------------------

--
-- Table structure for table `user_roles`
--

CREATE TABLE `user_roles` (
  `user_id` bigint(20) UNSIGNED NOT NULL,
  `role_id` bigint(20) UNSIGNED NOT NULL
) ENGINE=InnoDB DEFAULT CHARSET=utf8mb4 COLLATE=utf8mb4_unicode_ci;

-- --------------------------------------------------------

--
-- Table structure for table `verification_codes`
--

CREATE TABLE `verification_codes` (
  `id` bigint(20) UNSIGNED NOT NULL,
  `phone` varchar(255) COLLATE utf8mb4_unicode_ci NOT NULL,
  `code` varchar(255) COLLATE utf8mb4_unicode_ci NOT NULL,
  `retries` int(11) NOT NULL DEFAULT 1,
  `verified_at` datetime DEFAULT NULL,
  `created_at` timestamp NULL DEFAULT NULL,
  `updated_at` timestamp NULL DEFAULT NULL
) ENGINE=InnoDB DEFAULT CHARSET=utf8mb4 COLLATE=utf8mb4_unicode_ci;

--
-- Dumping data for table `verification_codes`
--

INSERT INTO `verification_codes` (`id`, `phone`, `code`, `retries`, `verified_at`, `created_at`, `updated_at`) VALUES
(1, '01141048417', '822122', 5, '2023-12-23 17:26:40', '2023-12-23 17:06:44', '2023-12-23 17:26:40'),
(2, '01141048418', '349531', 1, NULL, '2023-12-23 17:21:39', '2023-12-23 17:21:39'),
(3, '01141048417', '782653', 2, '2023-12-23 17:54:16', '2023-12-23 17:35:55', '2023-12-23 17:54:16'),
(4, '+966537034147', '878779', 1, NULL, '2023-12-24 18:12:48', '2023-12-24 18:12:48'),
(5, '966537034147', '897122', 1, '2024-01-23 20:54:06', '2024-01-23 20:41:11', '2024-01-23 20:54:06'),
(8, '966537034147', '173184', 1, '2024-01-24 05:53:15', '2024-01-24 05:52:10', '2024-01-24 05:53:15'),
(9, '966537034147', '621889', 2, NULL, '2024-01-24 05:55:34', '2024-02-02 07:24:17');

--
-- Indexes for dumped tables
--

--
-- Indexes for table `categories`
--
ALTER TABLE `categories`
  ADD PRIMARY KEY (`id`);

--
-- Indexes for table `countries`
--
ALTER TABLE `countries`
  ADD PRIMARY KEY (`country_code`);

--
-- Indexes for table `coupons`
--
ALTER TABLE `coupons`
  ADD PRIMARY KEY (`id`);

--
-- Indexes for table `data_rows`
--
ALTER TABLE `data_rows`
  ADD PRIMARY KEY (`id`),
  ADD KEY `data_rows_data_type_id_foreign` (`data_type_id`);

--
-- Indexes for table `data_types`
--
ALTER TABLE `data_types`
  ADD PRIMARY KEY (`id`),
  ADD UNIQUE KEY `data_types_name_unique` (`name`),
  ADD UNIQUE KEY `data_types_slug_unique` (`slug`);

--
-- Indexes for table `failed_jobs`
--
ALTER TABLE `failed_jobs`
  ADD PRIMARY KEY (`id`),
  ADD UNIQUE KEY `failed_jobs_uuid_unique` (`uuid`);

--
-- Indexes for table `locations`
--
ALTER TABLE `locations`
  ADD PRIMARY KEY (`id`);

--
-- Indexes for table `menus`
--
ALTER TABLE `menus`
  ADD PRIMARY KEY (`id`),
  ADD UNIQUE KEY `menus_name_unique` (`name`);

--
-- Indexes for table `menu_items`
--
ALTER TABLE `menu_items`
  ADD PRIMARY KEY (`id`),
  ADD KEY `menu_items_menu_id_foreign` (`menu_id`);

--
-- Indexes for table `migrations`
--
ALTER TABLE `migrations`
  ADD PRIMARY KEY (`id`);

--
-- Indexes for table `notifications`
--
ALTER TABLE `notifications`
  ADD PRIMARY KEY (`id`);

--
-- Indexes for table `password_reset_tokens`
--
ALTER TABLE `password_reset_tokens`
  ADD PRIMARY KEY (`email`);

--
-- Indexes for table `permissions`
--
ALTER TABLE `permissions`
  ADD PRIMARY KEY (`id`),
  ADD KEY `permissions_key_index` (`key`);

--
-- Indexes for table `permission_role`
--
ALTER TABLE `permission_role`
  ADD PRIMARY KEY (`permission_id`,`role_id`),
  ADD KEY `permission_role_permission_id_index` (`permission_id`),
  ADD KEY `permission_role_role_id_index` (`role_id`);

--
-- Indexes for table `rates`
--
ALTER TABLE `rates`
  ADD PRIMARY KEY (`id`);

--
-- Indexes for table `requests`
--
ALTER TABLE `requests`
  ADD PRIMARY KEY (`id`);

--
-- Indexes for table `roles`
--
ALTER TABLE `roles`
  ADD PRIMARY KEY (`id`),
  ADD UNIQUE KEY `roles_name_unique` (`name`);

--
-- Indexes for table `sliders`
--
ALTER TABLE `sliders`
  ADD PRIMARY KEY (`id`);

--
-- Indexes for table `transactions`
--
ALTER TABLE `transactions`
  ADD PRIMARY KEY (`id`);

--
-- Indexes for table `translations`
--
ALTER TABLE `translations`
  ADD PRIMARY KEY (`id`),
  ADD UNIQUE KEY `translations_table_name_column_name_foreign_key_locale_unique` (`table_name`,`column_name`,`foreign_key`,`locale`);

--
-- Indexes for table `user_roles`
--
ALTER TABLE `user_roles`
  ADD PRIMARY KEY (`user_id`,`role_id`),
  ADD KEY `user_roles_user_id_index` (`user_id`),
  ADD KEY `user_roles_role_id_index` (`role_id`);

--
-- Indexes for table `verification_codes`
--
ALTER TABLE `verification_codes`
  ADD PRIMARY KEY (`id`);

--
-- AUTO_INCREMENT for dumped tables
--

--
-- AUTO_INCREMENT for table `categories`
--
ALTER TABLE `categories`
  MODIFY `id` int(10) UNSIGNED NOT NULL AUTO_INCREMENT, AUTO_INCREMENT=3;

--
-- AUTO_INCREMENT for table `coupons`
--
ALTER TABLE `coupons`
  MODIFY `id` int(10) UNSIGNED NOT NULL AUTO_INCREMENT, AUTO_INCREMENT=2;

--
-- AUTO_INCREMENT for table `data_rows`
--
ALTER TABLE `data_rows`
  MODIFY `id` int(10) UNSIGNED NOT NULL AUTO_INCREMENT, AUTO_INCREMENT=116;

--
-- AUTO_INCREMENT for table `data_types`
--
ALTER TABLE `data_types`
  MODIFY `id` int(10) UNSIGNED NOT NULL AUTO_INCREMENT, AUTO_INCREMENT=10;

--
-- AUTO_INCREMENT for table `failed_jobs`
--
ALTER TABLE `failed_jobs`
  MODIFY `id` bigint(20) UNSIGNED NOT NULL AUTO_INCREMENT;

--
-- AUTO_INCREMENT for table `locations`
--
ALTER TABLE `locations`
  MODIFY `id` int(10) UNSIGNED NOT NULL AUTO_INCREMENT, AUTO_INCREMENT=24;

--
-- AUTO_INCREMENT for table `menus`
--
ALTER TABLE `menus`
  MODIFY `id` int(10) UNSIGNED NOT NULL AUTO_INCREMENT, AUTO_INCREMENT=2;

--
-- AUTO_INCREMENT for table `menu_items`
--
ALTER TABLE `menu_items`
  MODIFY `id` int(10) UNSIGNED NOT NULL AUTO_INCREMENT, AUTO_INCREMENT=18;

--
-- AUTO_INCREMENT for table `migrations`
--
ALTER TABLE `migrations`
  MODIFY `id` int(10) UNSIGNED NOT NULL AUTO_INCREMENT, AUTO_INCREMENT=26;

--
-- AUTO_INCREMENT for table `notifications`
--
ALTER TABLE `notifications`
  MODIFY `id` int(10) UNSIGNED NOT NULL AUTO_INCREMENT, AUTO_INCREMENT=22;

--
-- AUTO_INCREMENT for table `permissions`
--
ALTER TABLE `permissions`
  MODIFY `id` bigint(20) UNSIGNED NOT NULL AUTO_INCREMENT, AUTO_INCREMENT=56;

--
-- AUTO_INCREMENT for table `rates`
--
ALTER TABLE `rates`
  MODIFY `id` int(10) UNSIGNED NOT NULL AUTO_INCREMENT, AUTO_INCREMENT=3;

--
-- AUTO_INCREMENT for table `requests`
--
ALTER TABLE `requests`
  MODIFY `id` int(10) UNSIGNED NOT NULL AUTO_INCREMENT, AUTO_INCREMENT=6;

--
-- AUTO_INCREMENT for table `roles`
--
ALTER TABLE `roles`
  MODIFY `id` bigint(20) UNSIGNED NOT NULL AUTO_INCREMENT, AUTO_INCREMENT=4;

--
-- AUTO_INCREMENT for table `sliders`
--
ALTER TABLE `sliders`
  MODIFY `id` int(10) UNSIGNED NOT NULL AUTO_INCREMENT, AUTO_INCREMENT=2;

--
-- AUTO_INCREMENT for table `transactions`
--
ALTER TABLE `transactions`
  MODIFY `id` int(10) UNSIGNED NOT NULL AUTO_INCREMENT, AUTO_INCREMENT=22;

--
-- AUTO_INCREMENT for table `translations`
--
ALTER TABLE `translations`
  MODIFY `id` int(10) UNSIGNED NOT NULL AUTO_INCREMENT, AUTO_INCREMENT=137;

--
-- AUTO_INCREMENT for table `verification_codes`
--
ALTER TABLE `verification_codes`
  MODIFY `id` bigint(20) UNSIGNED NOT NULL AUTO_INCREMENT, AUTO_INCREMENT=10;

--
-- Constraints for dumped tables
--

--
-- Constraints for table `data_rows`
--
ALTER TABLE `data_rows`
  ADD CONSTRAINT `data_rows_data_type_id_foreign` FOREIGN KEY (`data_type_id`) REFERENCES `data_types` (`id`) ON DELETE CASCADE ON UPDATE CASCADE;

--
-- Constraints for table `menu_items`
--
ALTER TABLE `menu_items`
  ADD CONSTRAINT `menu_items_menu_id_foreign` FOREIGN KEY (`menu_id`) REFERENCES `menus` (`id`) ON DELETE CASCADE;

--
-- Constraints for table `permission_role`
--
ALTER TABLE `permission_role`
  ADD CONSTRAINT `permission_role_permission_id_foreign` FOREIGN KEY (`permission_id`) REFERENCES `permissions` (`id`) ON DELETE CASCADE,
  ADD CONSTRAINT `permission_role_role_id_foreign` FOREIGN KEY (`role_id`) REFERENCES `roles` (`id`) ON DELETE CASCADE;

--
-- Constraints for table `user_roles`
--
ALTER TABLE `user_roles`
  ADD CONSTRAINT `user_roles_role_id_foreign` FOREIGN KEY (`role_id`) REFERENCES `roles` (`id`) ON DELETE CASCADE,
  ADD CONSTRAINT `user_roles_user_id_foreign` FOREIGN KEY (`user_id`) REFERENCES `users` (`id`) ON DELETE CASCADE;
COMMIT;

